{"id":9731,"date":"2026-04-12T15:57:19","date_gmt":"2026-04-12T13:57:19","guid":{"rendered":"https:\/\/wtw-winkel.nl\/product\/niet-gecategoriseerd\/aerfoam-koppelstuk-o-200mm"},"modified":"2026-04-14T11:26:55","modified_gmt":"2026-04-14T09:26:55","slug":"aerfoam-koppelstuk-o-200mm","status":"publish","type":"product","link":"https:\/\/wtw-winkel.nl\/english\/product\/luchtverdeling-leidingwerk\/geisoleerde-leidingen-aerofoam\/aerfoam-koppelstuk-o-200mm","title":{"rendered":"Aerfoam koppelstuk \u00d8 200mm"},"content":{"rendered":"<h2>Aerfoam Koppelstuk \u00d8 200mm<\/h2>\n<p>Het Aerfoam koppelstuk \u00d8 200mm maakt een strakke, thermisch ge\u00efsoleerde verbinding tussen twee Aerfoam ventilatiebuizen van \u00d8 200mm. Zo blijft het kanaalsysteem op de verbindingspunten thermisch ge\u00efsoleerd, condensatievorming wordt voorkomen en warmteverlies geminimaliseerd.<\/p>\n<h3>Kenmerken<\/h3>\n<ul>\n<li>Sluit naadloos aan op Aerfoam buizen \u00d8 200mm<\/li>\n<li>Behoudt thermische isolatie op verbindingspunten<\/li>\n<li>Voorkomt condensatie op de verbinding<\/li>\n<li>Eenvoudige montage<\/li>\n<\/ul>\n<h3>Specificaties<\/h3>\n<ul>\n<li><strong>Diameter:<\/strong> \u00d8 200mm<\/li>\n<li><strong>Type:<\/strong> Koppelstuk voor Aerfoam ge\u00efsoleerde buizen<\/li>\n<\/ul>","protected":false},"excerpt":{"rendered":"<p>Aerfoam koppelstuk \u00d8 200mm \u2014 verbindt twee Aerfoam ge\u00efsoleerde ventilatiebuizen naadloos.<\/p>","protected":false},"featured_media":9780,"comment_status":"open","ping_status":"closed","template":"","meta":{"_acf_changed":false},"product_brand":[],"product_cat":[433],"product_tag":[],"class_list":{"0":"post-9731","1":"product","2":"type-product","3":"status-publish","4":"has-post-thumbnail","6":"product_cat-geisoleerde-leidingen-aerofoam","7":"pa_merk-aerofoam","9":"first","10":"instock","11":"taxable","12":"shipping-taxable","13":"purchasable","14":"product-type-simple"},"acf":[],"yoast_head":"<!-- This site is optimized with the Yoast SEO plugin v26.8 - https:\/\/yoast.com\/product\/yoast-seo-wordpress\/ -->\n<title>Aerfoam koppelstuk \u00d8 200mm | WTW-Winkel<\/title>\n<meta name=\"robots\" content=\"index, follow, max-snippet:-1, max-image-preview:large, max-video-preview:-1\" \/>\n<link rel=\"canonical\" href=\"https:\/\/wtw-winkel.nl\/english\/product\/luchtverdeling-leidingwerk\/geisoleerde-leidingen-aerofoam\/aerfoam-koppelstuk-o-200mm\" \/>\n<meta property=\"og:locale\" content=\"en_GB\" \/>\n<meta property=\"og:type\" content=\"article\" \/>\n<meta property=\"og:title\" content=\"Aerfoam koppelstuk \u00d8 200mm | WTW-Winkel\" \/>\n<meta property=\"og:description\" content=\"Aerfoam koppelstuk \u00d8 200mm \u2014 verbindt twee Aerfoam ge\u00efsoleerde ventilatiebuizen naadloos.\" \/>\n<meta property=\"og:url\" content=\"https:\/\/wtw-winkel.nl\/english\/product\/luchtverdeling-leidingwerk\/geisoleerde-leidingen-aerofoam\/aerfoam-koppelstuk-o-200mm\" \/>\n<meta property=\"og:site_name\" content=\"WTW-Winkel\" \/>\n<meta property=\"article:modified_time\" content=\"2026-04-14T09:26:55+00:00\" \/>\n<meta property=\"og:image\" content=\"https:\/\/wtw-winkel.nl\/wp-content\/uploads\/2026\/04\/0003709-1.webp\" \/>\n\t<meta property=\"og:image:width\" content=\"240\" \/>\n\t<meta property=\"og:image:height\" content=\"160\" \/>\n\t<meta property=\"og:image:type\" content=\"image\/webp\" \/>\n<meta name=\"twitter:card\" content=\"summary_large_image\" \/>\n<script type=\"application\/ld+json\" class=\"yoast-schema-graph\">{\"@context\":\"https:\/\/schema.org\",\"@graph\":[{\"@type\":\"WebPage\",\"@id\":\"https:\/\/wtw-winkel.nl\/product\/luchtverdeling-leidingwerk\/geisoleerde-leidingen-aerofoam\/aerfoam-koppelstuk-o-200mm\",\"url\":\"https:\/\/wtw-winkel.nl\/product\/luchtverdeling-leidingwerk\/geisoleerde-leidingen-aerofoam\/aerfoam-koppelstuk-o-200mm\",\"name\":\"Aerfoam koppelstuk \u00d8 200mm | WTW-Winkel\",\"isPartOf\":{\"@id\":\"https:\/\/wtw-winkel.nl\/#website\"},\"primaryImageOfPage\":{\"@id\":\"https:\/\/wtw-winkel.nl\/product\/luchtverdeling-leidingwerk\/geisoleerde-leidingen-aerofoam\/aerfoam-koppelstuk-o-200mm#primaryimage\"},\"image\":{\"@id\":\"https:\/\/wtw-winkel.nl\/product\/luchtverdeling-leidingwerk\/geisoleerde-leidingen-aerofoam\/aerfoam-koppelstuk-o-200mm#primaryimage\"},\"thumbnailUrl\":\"https:\/\/wtw-winkel.nl\/wp-content\/uploads\/2026\/04\/0003709-1.webp\",\"datePublished\":\"2026-04-12T13:57:19+00:00\",\"dateModified\":\"2026-04-14T09:26:55+00:00\",\"breadcrumb\":{\"@id\":\"https:\/\/wtw-winkel.nl\/product\/luchtverdeling-leidingwerk\/geisoleerde-leidingen-aerofoam\/aerfoam-koppelstuk-o-200mm#breadcrumb\"},\"inLanguage\":\"en-GB\",\"potentialAction\":[{\"@type\":\"ReadAction\",\"target\":[\"https:\/\/wtw-winkel.nl\/product\/luchtverdeling-leidingwerk\/geisoleerde-leidingen-aerofoam\/aerfoam-koppelstuk-o-200mm\"]}]},{\"@type\":\"ImageObject\",\"inLanguage\":\"en-GB\",\"@id\":\"https:\/\/wtw-winkel.nl\/product\/luchtverdeling-leidingwerk\/geisoleerde-leidingen-aerofoam\/aerfoam-koppelstuk-o-200mm#primaryimage\",\"url\":\"https:\/\/wtw-winkel.nl\/wp-content\/uploads\/2026\/04\/0003709-1.webp\",\"contentUrl\":\"https:\/\/wtw-winkel.nl\/wp-content\/uploads\/2026\/04\/0003709-1.webp\",\"width\":240,\"height\":160},{\"@type\":\"BreadcrumbList\",\"@id\":\"https:\/\/wtw-winkel.nl\/product\/luchtverdeling-leidingwerk\/geisoleerde-leidingen-aerofoam\/aerfoam-koppelstuk-o-200mm#breadcrumb\",\"itemListElement\":[{\"@type\":\"ListItem\",\"position\":1,\"name\":\"Home\",\"item\":\"https:\/\/wtw-winkel.nl\/\"},{\"@type\":\"ListItem\",\"position\":2,\"name\":\"Web-Shop\",\"item\":\"https:\/\/wtw-winkel.nl\/ventilatiewinkel\"},{\"@type\":\"ListItem\",\"position\":3,\"name\":\"Aerfoam koppelstuk \u00d8 200mm\"}]},{\"@type\":\"WebSite\",\"@id\":\"https:\/\/wtw-winkel.nl\/#website\",\"url\":\"https:\/\/wtw-winkel.nl\/\",\"name\":\"WTW Winkel\",\"description\":\"\",\"publisher\":{\"@id\":\"https:\/\/wtw-winkel.nl\/#organization\"},\"potentialAction\":[{\"@type\":\"SearchAction\",\"target\":{\"@type\":\"EntryPoint\",\"urlTemplate\":\"https:\/\/wtw-winkel.nl\/?s={search_term_string}\"},\"query-input\":{\"@type\":\"PropertyValueSpecification\",\"valueRequired\":true,\"valueName\":\"search_term_string\"}}],\"inLanguage\":\"en-GB\"},{\"@type\":\"Organization\",\"@id\":\"https:\/\/wtw-winkel.nl\/#organization\",\"name\":\"WTW Winkel\",\"url\":\"https:\/\/wtw-winkel.nl\/\",\"logo\":{\"@type\":\"ImageObject\",\"inLanguage\":\"en-GB\",\"@id\":\"https:\/\/wtw-winkel.nl\/#\/schema\/logo\/image\/\",\"url\":\"https:\/\/wtw-winkel.nl\/wp-content\/uploads\/2024\/06\/wtwwinkel-thumbnail-01.jpg\",\"contentUrl\":\"https:\/\/wtw-winkel.nl\/wp-content\/uploads\/2024\/06\/wtwwinkel-thumbnail-01.jpg\",\"width\":1500,\"height\":1500,\"caption\":\"WTW Winkel\"},\"image\":{\"@id\":\"https:\/\/wtw-winkel.nl\/#\/schema\/logo\/image\/\"}}]}<\/script>\n<!-- \/ Yoast SEO plugin. -->","yoast_head_json":{"title":"Aerfoam koppelstuk \u00d8 200mm | WTW-Winkel","robots":{"index":"index","follow":"follow","max-snippet":"max-snippet:-1","max-image-preview":"max-image-preview:large","max-video-preview":"max-video-preview:-1"},"canonical":"https:\/\/wtw-winkel.nl\/english\/product\/luchtverdeling-leidingwerk\/geisoleerde-leidingen-aerofoam\/aerfoam-koppelstuk-o-200mm","og_locale":"en_GB","og_type":"article","og_title":"Aerfoam koppelstuk \u00d8 200mm | WTW-Winkel","og_description":"Aerfoam koppelstuk \u00d8 200mm \u2014 verbindt twee Aerfoam ge\u00efsoleerde ventilatiebuizen naadloos.","og_url":"https:\/\/wtw-winkel.nl\/english\/product\/luchtverdeling-leidingwerk\/geisoleerde-leidingen-aerofoam\/aerfoam-koppelstuk-o-200mm","og_site_name":"WTW-Winkel","article_modified_time":"2026-04-14T09:26:55+00:00","og_image":[{"width":240,"height":160,"url":"https:\/\/wtw-winkel.nl\/wp-content\/uploads\/2026\/04\/0003709-1.webp","type":"image\/webp"}],"twitter_card":"summary_large_image","schema":{"@context":"https:\/\/schema.org","@graph":[{"@type":"WebPage","@id":"https:\/\/wtw-winkel.nl\/product\/luchtverdeling-leidingwerk\/geisoleerde-leidingen-aerofoam\/aerfoam-koppelstuk-o-200mm","url":"https:\/\/wtw-winkel.nl\/product\/luchtverdeling-leidingwerk\/geisoleerde-leidingen-aerofoam\/aerfoam-koppelstuk-o-200mm","name":"Aerfoam koppelstuk \u00d8 200mm | WTW-Winkel","isPartOf":{"@id":"https:\/\/wtw-winkel.nl\/#website"},"primaryImageOfPage":{"@id":"https:\/\/wtw-winkel.nl\/product\/luchtverdeling-leidingwerk\/geisoleerde-leidingen-aerofoam\/aerfoam-koppelstuk-o-200mm#primaryimage"},"image":{"@id":"https:\/\/wtw-winkel.nl\/product\/luchtverdeling-leidingwerk\/geisoleerde-leidingen-aerofoam\/aerfoam-koppelstuk-o-200mm#primaryimage"},"thumbnailUrl":"https:\/\/wtw-winkel.nl\/wp-content\/uploads\/2026\/04\/0003709-1.webp","datePublished":"2026-04-12T13:57:19+00:00","dateModified":"2026-04-14T09:26:55+00:00","breadcrumb":{"@id":"https:\/\/wtw-winkel.nl\/product\/luchtverdeling-leidingwerk\/geisoleerde-leidingen-aerofoam\/aerfoam-koppelstuk-o-200mm#breadcrumb"},"inLanguage":"en-GB","potentialAction":[{"@type":"ReadAction","target":["https:\/\/wtw-winkel.nl\/product\/luchtverdeling-leidingwerk\/geisoleerde-leidingen-aerofoam\/aerfoam-koppelstuk-o-200mm"]}]},{"@type":"ImageObject","inLanguage":"en-GB","@id":"https:\/\/wtw-winkel.nl\/product\/luchtverdeling-leidingwerk\/geisoleerde-leidingen-aerofoam\/aerfoam-koppelstuk-o-200mm#primaryimage","url":"https:\/\/wtw-winkel.nl\/wp-content\/uploads\/2026\/04\/0003709-1.webp","contentUrl":"https:\/\/wtw-winkel.nl\/wp-content\/uploads\/2026\/04\/0003709-1.webp","width":240,"height":160},{"@type":"BreadcrumbList","@id":"https:\/\/wtw-winkel.nl\/product\/luchtverdeling-leidingwerk\/geisoleerde-leidingen-aerofoam\/aerfoam-koppelstuk-o-200mm#breadcrumb","itemListElement":[{"@type":"ListItem","position":1,"name":"Home","item":"https:\/\/wtw-winkel.nl\/"},{"@type":"ListItem","position":2,"name":"Web-Shop","item":"https:\/\/wtw-winkel.nl\/ventilatiewinkel"},{"@type":"ListItem","position":3,"name":"Aerfoam koppelstuk \u00d8 200mm"}]},{"@type":"WebSite","@id":"https:\/\/wtw-winkel.nl\/#website","url":"https:\/\/wtw-winkel.nl\/","name":"WTW Winkel","description":"","publisher":{"@id":"https:\/\/wtw-winkel.nl\/#organization"},"potentialAction":[{"@type":"SearchAction","target":{"@type":"EntryPoint","urlTemplate":"https:\/\/wtw-winkel.nl\/?s={search_term_string}"},"query-input":{"@type":"PropertyValueSpecification","valueRequired":true,"valueName":"search_term_string"}}],"inLanguage":"en-GB"},{"@type":"Organization","@id":"https:\/\/wtw-winkel.nl\/#organization","name":"WTW Winkel","url":"https:\/\/wtw-winkel.nl\/","logo":{"@type":"ImageObject","inLanguage":"en-GB","@id":"https:\/\/wtw-winkel.nl\/#\/schema\/logo\/image\/","url":"https:\/\/wtw-winkel.nl\/wp-content\/uploads\/2024\/06\/wtwwinkel-thumbnail-01.jpg","contentUrl":"https:\/\/wtw-winkel.nl\/wp-content\/uploads\/2024\/06\/wtwwinkel-thumbnail-01.jpg","width":1500,"height":1500,"caption":"WTW Winkel"},"image":{"@id":"https:\/\/wtw-winkel.nl\/#\/schema\/logo\/image\/"}}]}},"_links":{"self":[{"href":"https:\/\/wtw-winkel.nl\/english\/wp-json\/wp\/v2\/product\/9731","targetHints":{"allow":["GET"]}}],"collection":[{"href":"https:\/\/wtw-winkel.nl\/english\/wp-json\/wp\/v2\/product"}],"about":[{"href":"https:\/\/wtw-winkel.nl\/english\/wp-json\/wp\/v2\/types\/product"}],"replies":[{"embeddable":true,"href":"https:\/\/wtw-winkel.nl\/english\/wp-json\/wp\/v2\/comments?post=9731"}],"wp:featuredmedia":[{"embeddable":true,"href":"https:\/\/wtw-winkel.nl\/english\/wp-json\/wp\/v2\/media\/9780"}],"wp:attachment":[{"href":"https:\/\/wtw-winkel.nl\/english\/wp-json\/wp\/v2\/media?parent=9731"}],"wp:term":[{"taxonomy":"product_brand","embeddable":true,"href":"https:\/\/wtw-winkel.nl\/english\/wp-json\/wp\/v2\/product_brand?post=9731"},{"taxonomy":"product_cat","embeddable":true,"href":"https:\/\/wtw-winkel.nl\/english\/wp-json\/wp\/v2\/product_cat?post=9731"},{"taxonomy":"product_tag","embeddable":true,"href":"https:\/\/wtw-winkel.nl\/english\/wp-json\/wp\/v2\/product_tag?post=9731"}],"curies":[{"name":"wp","href":"https:\/\/api.w.org\/{rel}","templated":true}]}}